{"id":74,"date":"2022-02-02T19:02:02","date_gmt":"2022-02-02T18:02:02","guid":{"rendered":"http:\/\/tribu-macroqa.francismizio.net\/?page_id=74"},"modified":"2024-12-17T09:01:10","modified_gmt":"2024-12-17T08:01:10","slug":"articles-de-presse","status":"publish","type":"page","link":"https:\/\/tribu-macroqa.francis-mizio.net\/tribu-macroqa\/articles-de-presse\/","title":{"rendered":"Documentation diverse"},"content":{"rendered":"<p style=\"text-align: justify;\"><b>Je comptais ici mettre en ligne, et en liens, toute les r\u00e9f\u00e9rences de documentation, quelques vid\u00e9o et podacasts, qui a servi \u00e0 l&rsquo;\u00e9laboration du roman&#8230; et puis c&rsquo;est un travail long et fastidieux, d\u00e9vorateur de temps dont souvent je manque&#8230; d&rsquo;autant que je pense, apr\u00e8s un an de site en chantier qu&rsquo;en fait tout le monde s&rsquo;en fiche, parce que tout le monde ne se passionne pas aussi obsessionnellement que moi sur un sujet<\/b><b>.\u00a0 Sachez, pour r\u00e9sumer qu&rsquo;en huit ans, j&rsquo;ai regard\u00e9, lu, vu, \u00e9cout\u00e9, compuls\u00e9 :<br \/>\n<\/b><\/p>\n<p>&#8211; Plus de 60 documentaires ou reportages.<br \/>\n&#8211; Une dizaine de longs m\u00e9trages de fiction.<br \/>\n&#8211; Une bonne quarantaine de sites web.<br \/>\n&#8211; Une bonne cinquantaine d&rsquo;articles de presse sur le web ou les r\u00e9seaux sociaux.<br \/>\n&#8211; Une dizaine d&rsquo;articles scientifiques.<br \/>\n&#8211; Environ une vingtaine d&rsquo;\u00e9missions de podcasts.<\/p>\n<p style=\"text-align: justify;\">Voil\u00e0, hop, cette page est termin\u00e9e, je viens de gagner plusieurs jours pour pouvoir faire autre chose \ud83d\ude42 Mais si vous tra\u00eenez ici, \u00e0 tout hasard, sachez que vous pouvez <a href=\"mailto:francismizio.net\">&gt; me demander<\/a> \ud83d\ude42<\/p>\n","protected":false},"excerpt":{"rendered":"<p>Je comptais ici mettre en ligne, et en liens, toute les r\u00e9f\u00e9rences de documentation, quelques vid\u00e9o et podacasts, qui a servi \u00e0 l&rsquo;\u00e9laboration du roman&#8230; et puis c&rsquo;est un travail long et fastidieux, d\u00e9vorateur de temps dont souvent je manque&#8230; d&rsquo;autant que je pense, apr\u00e8s un an de site en chantier qu&rsquo;en fait tout le&hellip; <br \/> <a class=\"read-more\" href=\"https:\/\/tribu-macroqa.francis-mizio.net\/tribu-macroqa\/articles-de-presse\/\">Lire la suite<\/a><\/p>\n","protected":false},"author":1,"featured_media":0,"parent":0,"menu_order":0,"comment_status":"closed","ping_status":"closed","template":"","meta":{"footnotes":""},"class_list":["post-74","page","type-page","status-publish","hentry"],"_links":{"self":[{"href":"https:\/\/tribu-macroqa.francis-mizio.net\/tribu-macroqa\/wp-json\/wp\/v2\/pages\/74","targetHints":{"allow":["GET"]}}],"collection":[{"href":"https:\/\/tribu-macroqa.francis-mizio.net\/tribu-macroqa\/wp-json\/wp\/v2\/pages"}],"about":[{"href":"https:\/\/tribu-macroqa.francis-mizio.net\/tribu-macroqa\/wp-json\/wp\/v2\/types\/page"}],"author":[{"embeddable":true,"href":"https:\/\/tribu-macroqa.francis-mizio.net\/tribu-macroqa\/wp-json\/wp\/v2\/users\/1"}],"replies":[{"embeddable":true,"href":"https:\/\/tribu-macroqa.francis-mizio.net\/tribu-macroqa\/wp-json\/wp\/v2\/comments?post=74"}],"version-history":[{"count":1,"href":"https:\/\/tribu-macroqa.francis-mizio.net\/tribu-macroqa\/wp-json\/wp\/v2\/pages\/74\/revisions"}],"predecessor-version":[{"id":800,"href":"https:\/\/tribu-macroqa.francis-mizio.net\/tribu-macroqa\/wp-json\/wp\/v2\/pages\/74\/revisions\/800"}],"wp:attachment":[{"href":"https:\/\/tribu-macroqa.francis-mizio.net\/tribu-macroqa\/wp-json\/wp\/v2\/media?parent=74"}],"curies":[{"name":"wp","href":"https:\/\/api.w.org\/{rel}","templated":true}]}}